{"id":1596,"date":"2025-04-28T22:28:53","date_gmt":"2025-04-29T03:28:53","guid":{"rendered":"https:\/\/topfellshop.com\/?post_type=product&#038;p=1596"},"modified":"2025-06-10T12:25:10","modified_gmt":"2025-06-10T17:25:10","slug":"rubor-compacto","status":"publish","type":"product","link":"https:\/\/topfellshop.com\/index.php\/producto\/rubor-compacto\/","title":{"rendered":"Rubor Compacto"},"content":{"rendered":"","protected":false},"excerpt":{"rendered":"<p style=\"text-align: left;\">Realza tus mejillas con el color natural y sedoso de nuestro Rubor Compacto. Su textura suave se difumina f\u00e1cilmente, brindando un acabado mate o luminoso seg\u00fan tu estilo. Perfecto para todo tipo de piel, su f\u00f3rmula de larga duraci\u00f3n asegura un look fresco durante todo el d\u00eda. Ideal para llevar siempre contigo y retocar en cualquier momento.<\/p>\n","protected":false},"featured_media":2098,"comment_status":"open","ping_status":"closed","template":"","meta":[],"product_brand":[],"product_cat":[148],"product_tag":[],"class_list":{"0":"post-1596","1":"product","2":"type-product","3":"status-publish","4":"has-post-thumbnail","6":"product_cat-maquillaje","7":"pa_color-bella-pink","8":"pa_color-cherish","9":"pa_color-salmon-pink","10":"pa_color-sweet-cheeks","12":"first","13":"instock","14":"taxable","15":"shipping-taxable","16":"purchasable","17":"product-type-variable"},"_links":{"self":[{"href":"https:\/\/topfellshop.com\/index.php\/wp-json\/wp\/v2\/product\/1596","targetHints":{"allow":["GET"]}}],"collection":[{"href":"https:\/\/topfellshop.com\/index.php\/wp-json\/wp\/v2\/product"}],"about":[{"href":"https:\/\/topfellshop.com\/index.php\/wp-json\/wp\/v2\/types\/product"}],"replies":[{"embeddable":true,"href":"https:\/\/topfellshop.com\/index.php\/wp-json\/wp\/v2\/comments?post=1596"}],"version-history":[{"count":1,"href":"https:\/\/topfellshop.com\/index.php\/wp-json\/wp\/v2\/product\/1596\/revisions"}],"predecessor-version":[{"id":1611,"href":"https:\/\/topfellshop.com\/index.php\/wp-json\/wp\/v2\/product\/1596\/revisions\/1611"}],"wp:featuredmedia":[{"embeddable":true,"href":"https:\/\/topfellshop.com\/index.php\/wp-json\/wp\/v2\/media\/2098"}],"wp:attachment":[{"href":"https:\/\/topfellshop.com\/index.php\/wp-json\/wp\/v2\/media?parent=1596"}],"wp:term":[{"taxonomy":"product_brand","embeddable":true,"href":"https:\/\/topfellshop.com\/index.php\/wp-json\/wp\/v2\/product_brand?post=1596"},{"taxonomy":"product_cat","embeddable":true,"href":"https:\/\/topfellshop.com\/index.php\/wp-json\/wp\/v2\/product_cat?post=1596"},{"taxonomy":"product_tag","embeddable":true,"href":"https:\/\/topfellshop.com\/index.php\/wp-json\/wp\/v2\/product_tag?post=1596"}],"curies":[{"name":"wp","href":"https:\/\/api.w.org\/{rel}","templated":true}]}}